+ (-130893)/(-4)?
43, 761
Let t be 0/((2 - 5)/(-3)). Suppose t = a - 12*a + 11. List the prime factors of ((-1)/(-2))/(a/268).
2, 67
Let d(n) = 28*n - 13. Suppose 7*w - 8*w = -21. Let g = w + -17. What are the prime factors of d(g)?
3, 11
Let a be 5481/493 + (-2)/17. Let p(f) = 4*f**2 - 7*f - 18. List the prime factors of p(a).
389
Suppose -4*l + 5*m = -38842, -7*l + 9719 = -6*l + 3*m. List the prime factors of l.
11, 883
Suppose y + 5*w = 1 - 0, 4*w - 36 = -4*y. Suppose 0*s - y*s = -4389. What are the prime factors of s?
3, 7, 19
Let o(q) = 12*q**2 - 3*q. Let t be o(5). Suppose 5*y - 3*b - 2434 = 0, 4*y - 25*b = -22*b + 1949. Let w = y - t. What are the prime factors of w?
2, 5
Let a be 7 + -5 + 1 - 381/(-3). Suppose a*s - 139*s + 8172 = 0. List the prime factors of s.
2, 227
Let b = -142 - 301. Let z = b - -1183. What are the prime factors of z?
2, 5, 37
Suppose -3*f = -36 + 33. List the prime factors of (-9 + -11)*(-34 + f).
2, 3, 5, 11
Let m be 812 - (-1 + 4 - 3/1). Let o = m + -449. List the prime factors of o.
3, 11
Suppose 28*q - 29234 = 46926. What are the prime factors of q?
2, 5, 17
Suppose 0 = -191*j + 174*j + 69411. List the prime factors of j.
3, 1361
Suppose f - 14748 = 27*d, -4*f = 2*d - 40498 - 19374. What are the prime factors of f?
2, 3, 29, 43
Let m = -204975 - -294060. What are the prime factors of m?
3, 5, 5939
Suppose 4*n - w = 19014, -5*n + 37452 = 2*w + 13665. What are the prime factors of n?
3, 5, 317
Let y = -26660 + 45045. What are the prime factors of y?
5, 3677
List the prime factors of (-7 - (-45)/9)/(-1 + (-332)/(-336)).
2, 3, 7
Let j(p) = -2*p**2 - 4*p + 42. Let b be j(-7). Suppose 28 + 0 = -4*c. What are the prime factors of c/(b/440) - (2 + 2)?
2, 53
Suppose 0 = 758*m - 755*m - 378. Suppose -h + 3*z = 2*h - 414, h - m = 4*z. List the prime factors of h.
2, 71
Let o(v) = v**3 + 13*v**2 - 470*v + 55. List the prime factors of o(23).
3, 307
Suppose 13*r - 5*r = 0. Suppose r*w - 4*w + 4 = 0. Let f = 9 - w. What are the prime factors of f?
2
Let f = 13162 - -77154. List the prime factors of f.
2, 67, 337
Let v(z) = 8*z**2 + z - 52. Let o be v(5). Suppose 26 = -5*p - 4. Let d = p + o. List the prime factors of d.
3, 7
Let x(h) be the second derivative of -82*h**3/3 + 77*h**2/2 + 4*h + 33. List the prime factors of x(-11).
3, 11, 19
Let v = 4310 - -412. Let h(s) = -4722 + v + 44*s. What are the prime factors of h(1)?
2, 11
Let y be 26 - 22 - (-105 + 2). Suppose 87 = c - 199. Let b = c - y. What are the prime factors of b?
179
Suppose 2*t - 15 = -a - 5, 5*a = -t + 14. Suppose b - 57 = t*b. Let c = b + 92. What are the prime factors of c?
73
Suppose -3*k - 49 = -2*j, 0 = 5*k - 2*k + 5*j + 35. Let i = -2 - -4. What are the prime factors of -2 - 924/k - i/(-5)?
2, 3, 5
Suppose 0 = 262*a - 269*a + 140. Let k(g) = g**3 + 2*g**2 + 3*g - 2. Let p be k(-4). Let t = a - p. What are the prime factors of t?
2, 3, 11
Let n(g) = 4686*g**3 + 2*g**2 - 19*g + 41. What are the prime factors of n(2)?
7, 11, 487
Let w(k) be the first derivative of k**4/4 - 5*k**3 + 27*k**2/2 - 10*k - 29. Let z be w(13). Suppose -720 = -7*u - z*u. What are the prime factors of u?
2, 3
Suppose -3*p = -m + 16645 + 41304, 231796 = 4*m - 4*p. List the prime factors of m.
167, 347
Let h(t) = -31*t**3 + 2*t - 1. Let u be h(-2). Let x(o) = o**3 - 10*o**2 - 36*o + 24. Let k be x(12). Let c = u + k. List the prime factors of c.
3, 41
Let v(o) = 30*o**2 - 108*o - 281. List the prime factors of v(34).
30727
Suppose 7*w - 5*w = 8. Suppose -9*y + 2*f = -w*y - 2012, -4 = -f. Suppose -196*a = -200*a + y. What are the prime factors of a?
101
Suppose 0 = d - 2*y + 11, -2*d - 6 = -d + 3*y. What are the prime factors of 2/d - (-50204)/252?
199
Suppose -u - 3*s = -4585, -4*u - u = -s - 23037. List the prime factors of u.
2, 7, 47
Let v be (-2 + (-18)/12)/(2/8). Let o be v - -166 - (4 + -1*1). Suppose 5*i = 2*w - o, 12 + 0 = 4*i. What are the prime factors of w?
2, 41
Suppose -9*f + 3*f = -36. Suppose 0 = f*o - 426 - 114. Suppose -2*s - 3*s - o = -j, s = -4*j + 297. List the prime factors of j.
3, 5
Suppose -47*j + 38670 = -45*j - 4*f, 4*j - 77335 = 3*f. What are the prime factors of j?
19333
Suppose 5*o + 40 = 5*b, 5*b - 52 = 4*o - 2*o. Suppose -474 = b*z - 9282. What are the prime factors of z?
2, 367
Let b = 74809 - 36395. List the prime factors of b.
2, 19207
Let j(b) = 18*b**2 + 740*b + 74. What are the prime factors of j(-50)?
2, 11, 367
Let j(y) = -8608*y + 2738. What are the prime factors of j(-4)?
2, 3, 5, 7, 59
Let m be (3/9)/((-1)/(-6)). Suppose m*g + 112 = 658. Suppose 6*l - 273 = g. What are the prime factors of l?
7, 13
Let d(n) = -1132*n - 18842. List the prime factors of d(-24).
2, 23, 181
Suppose -11*m + 10462 - 837 = 0. Let b = m + -850. List the prime factors of b.
5
Suppose 5*k + 16 = k. Let m(t) = -4*t**3 - 5*t**2 + 2*t - 9. Let f(h) = 3*h**3 + 4*h**2 - 3*h + 10. Let o(w) = k*m(w) - 5*f(w). List the prime factors of o(6).
2, 61
Suppose 2886087 = 162*a - 2963409. What are the prime factors of a?
2, 3, 17, 59
Let p(f) = -2*f**3 - 9*f**2 + 9*f - 6. Let l be ((-40)/(-15))/(4/(-12)). List the prime factors of p(l).
2, 5, 37
What are the prime factors of (-8)/(-18) + -827128*(-2)/(4 - -32)?
2, 359
Let h be 315*(-5 + 17/3). Suppose 5*q = -t + h, 183 = 3*t - 4*q - 390. What are the prime factors of t?
3, 5, 13
What are the prime factors of -7 + 600083/33 + 2/3?
2, 61, 149
Suppose l - 4*j = 1102, 33 = 2*j + 23. Let f = 66 + l. What are the prime factors of f?
2, 3, 11
Let i(l) = -18 + 1 - l**2 - 111*l + 51*l + 50*l. Let u be i(-7). Suppose w - 9 = u. List the prime factors of w.
13
Let h(x) = 436*x - 24. Let k(g) = 19*g - 1. Let p(f) = -136*f**2 - 2*f - 2. Let q be p(-1). Let y(s) = q*k(s) + 6*h(s). What are the prime factors of y(2)?
2, 7
Suppose 6*z + 1113 = 14613. List the prime factors of z.
2, 3, 5
Let s = -7259 + 15193. List the prime factors of s.
2, 3967
Let y(s) = 77*s**2 + 5*s + 1. Let i(q) = 2*q**2 + 2. Let z(u) = -2*i(u) + y(u). What are the prime factors of z(-3)?
3, 71
Let q(j) = 20*j + 4. Let z be q(6). Let g = 130 - z. List the prime factors of (-200)/35 + g - (-3202)/14.
229
Let j(z) = 5*z + 2. Let s be j(-7). Let y = -23 - s. Let u(f) = 21*f + 31. What are the prime factors of u(y)?
241
Let g(q) = 5130*q**3 + 3*q**2 + 106*q - 224. List the prime factors of g(2).
2, 3, 5, 19
Suppose 3 = -3*l, -j = -5*l - 28 - 13. Suppose -220 = -5*v + d, -j - 140 = -4*v - 4*d. What are the prime factors of v?
2, 11
Let u = 188 + -171. Let q = 11 + u. List the prime factors of q.
2, 7
What are the prime factors of (5 + 4186/(-21) + 0/(-1))*-144?
2, 3, 11, 53
What are the prime factors of (1 - -17)*7460/15?
2, 3, 373
Suppose -3*c + v + 4*v + 40 = 0, 2*c - 2*v = 20. Suppose c*j - 38811 = 2*j. List the prime factors of (-4)/6 - j/(-51).
11, 23
List the prime factors of 39142 - ((-183)/(-61))/((-1)/(-4)).
2, 5, 7, 13, 43
Let d(b) = -3*b**3 - 12*b**2 + 3*b + 38. Let s be d(-14). Suppose s = 29*f - 14047. What are the prime factors of f?
3, 229
Let n be 5/10*1*562. Suppose -972*g = -963*g + 27. What are the prime factors of n + 1 - (g + 3 - 3)?
3, 5, 19
Let w = -2123 + 1480. Let g = 1870 + w. What are the prime factors of g?
3, 409
Suppose 0 = -2*o + 5*o - 213. Suppose -6*c - 30 = -216. Let z = o - c. What are the prime factors of z?
2, 5
Let t(y) = -2*y**2 + 3*y - 1. Let q be t(2). Suppose 34*n = 33*n - 64. List the prime factors of (n/20 - -2)/(q/70).
2, 7
Let w(i) = -8*i - 13 - 688*i**3 + 64 + 73*i**2 + 691*i**3. What are the prime factors of w(-24)?
3, 7, 13
Let r(t) be the third derivative of -t**5/60 - 5*t**4/24 + 2*t**3/3 + 7*t**2. Let k be r(-4). Suppose 0*p - 296 = -k*p. List the prime factors of p.
37
Let r(t) = t**2 + 10*t - 24. Let f be r(-12). Let q = f - 8. List the prime factors of 422/4 + 1*(-12)/q.
107
Suppose 27*b = 24*b. Suppose -2 = -4*k - 2*a, -5*a + b*a = -4*k + 37. What are the prime factors of ((-1)/k)/(1/(-282))?
2, 47
Suppose -q - 4*y = -13968, 4*q - 4*y = 9*q - 69776. What are the prime factors of q?
2, 109
List the prime factors of (-8 + 707)*-1*(111/(-3) + 0).
3, 37, 233
Suppose c - 94730 = -4*o, -26786 + 3135 = -o + 5*c. What are the prime factors of o?
7, 17, 199
Let z be ((-159184)/(-14))/4 + 52/(-91). List the prime factors of z/9 +